995)).
-37
What is 87 + 90 + -80 - 16?
81
-12 + (-104 - -8) + 5 - (6 + -12 + -8)
-89
Calculate (29 - ((-20 - -3) + 14)) + -113.
-81
Calculate 7 + -9 + (26 - 56).
-32
Evaluate 80 + -52 + (-28 - 1).
-1
Evaluate 3 - 6 - (21 - (7 + -53 - 2)).
-72
-36 + 41 + -1 - (-15 - 6)
25
1 + 138 + -151 + (-3 - -58)
43
What is the value of (109 - 242) + 111 + (2 + -4 - -5)?
-19
What is (-4 - -5) + (11 - (27 - 15) - 3)?
-3
What is (-80 - (-78 - (42 + -78))) + 135?
97
What is (227 + -217 - (-1 + 22)) + (1 - 6)?
-16
Evaluate (-141 - -142) + (-27 + -3 - (1 - 0 - -2)).
-32
Evaluate 37 + 68 + -99 - (1 - -4).
1
What is (15 - (-19 - -16)) + (78 - 106)?
-10
Calculate -22 - (-11 - 95) - (1 - (14 + -9)).
88
Calculate 8 - 5 - ((-12 - 5) + 6 + 0 + 1).
13
Calculate -8 + -18 - (1 + -4 - (5 - 0)).
-18
Calculate -93 + (63 - -71) - (22 + -1).
20
Evaluate 2 + -16 + 3 + (88 - 90) - 21.
-34
Calculate (-187 - -182) + 17 + 1 - (10 - -84).
-81
What is 8 - (19 + -4 + -3 + 15 - 1)?
-18
What is (-11 - -6 - -23) + (10 - (-6 - -15) - -7)?
26
What is the value of 0 + (20 - (6 + 4) - -97) + (-14 - -16)?
109
Evaluate 60 - (24 - (-73 - -137)).
100
What is the value of 13 + 3 - ((22 - 4) + -5) - 39?
-36
What is (-455 + 484 - (3 - 0 - 6 - 3)) + -5?
30
Calculate 0 + (-5 + 4 - -1) - 3 - (-7 + -12).
16
-1 - -37 - (11 + (-1 - (-16 + 8 + 19)))
37
0 + -2 - (13 - -3 - (-26 + 72))
28
(-1 - (-10 - -23 - 29)) + -11 - -3 - 56
-49
Calculate -7 + (-23 - (-54 - (-19 - -27))).
32
What is the value of (12 - 56) + (-57 - -37) + 19?
-45
(-8 + -3 - -32) + -28 + 24 + 87
104
Calculate 23 + -30 + 32 + 0 - (4 - -2).
19
1 - 42 - (-1774 - -1720)
13
What is the value of (76 - 61 - (-3 - -10)) + (-2 - 9) + 51?
48
Calculate (68 - 2) + -1164 + 1184.
86
Calculate -6 + (-13 - -8) - (1 + -7 + 17).
-22
Evaluate (1 - 9 - 0) + (-6 - (65 + -54)).
-25
What is the value of -22 + -3 + 20 + 12 - (-32 + 14)?
25
Evaluate -48 - (-17 + 13 - 27).
-17
What is the value of (19 - 45) + 51 + (2 - 3)?
24
Evaluate 8 - (17 + -2) - (4 - (-37 + (4 - 7))).
-51
Calculate 10 - (1 + (-2 - 1)) - (198 + -174).
-12
(3 - -6) + ((7 - -3 - 5) + -15 - -67)
66
What is the value of 65 + (3 - (8 - -2 - 4)) + 6?
68
What is 67 + -99 + 77 + 53?
98
Calculate 8 + (24 - 4) - 29.
-1
56 - (-13 + (-13 - 2) + 21 + -7)
70
56 + -22 + -20 + -6
8
What is the value of -32 + 36 + -46 - -41?
-1
What is the value of 0 + (4 + 0 + (-41 - -49) - -3)?
15
Evaluate -88 + (3 + -135 - -231).
11
What is (14 - 1) + (-4549 - -4421 - (-19 + -1))?
-95
Evaluate -47 + 44 + 30 - -40 - -21.
88
What is the value of -47 + -63 + 112 + -27?
-25
What is (30971 - 30847) + -1 + 4?
127
Evaluate -8 + 10 + (2 + 7 - 31).
-20
What is 14 + 16 + -44 - (-23 - 9)?
18
Evaluate -10 + (18 + -4 - -43).
47
Calculate 59 + -99 + 66 + -85.
-59
What is 46 + -14 + -10 + -31 + -28?
-37
What is 53 - (16 - -26 - 4) - (-53 - -2)?
66
Calculate -67 + 67 - ((62 - -1) + (79 - 73)).
-69
-8 + -34 + 1 + 48
7
What is -55 - (9 + -11 + 18 + -23)?
-48
0 + -12 + 9 + (-24 + 10 - 10)
-27
Evaluate (2 - 1) + 66 + (-69 - 4).
-6
Evaluate 107 - 5 - (481 - 404).
25
Calculate 16 + (35 - (85 + -20)) + 61.
47
What is 32 + -5 + 1 + 9 + 7 + -11?
33
Calculate -3 - (-9 + -26 - -13) - 50.
-31
Calculate -62 + 0 + 0 - (11 + 4 + -63 + 45).
-59
Evaluate 3 - (20 - ((126 - 124) + 0 + (5 - 2))).
-12
What is -1 - ((5 - 31) + 8 + 5)?
12
((-2 - -9 - 4) + 8 - 13) + -6
-8
What is ((-2 - 5) + -2 - -3) + (112 + -136 - -33)?
3
What is -18 - (5 + (-4 + 27 - 52 - 5))?
11
Calculate 1 + (-6 - (-40 + 4)).
31
What is (-107 - -193) + -53 + 7?
40
Calculate 0 + -29 + (2 - 27) + 30 + -10.
-34
Evaluate 13 - -16 - 16 - (-2 + 10 + -46).
51
-49 + (6 - 2) - (17 - 5 - (-4 + 15))
-46
What is the value of 15 + (5 - 27 - 39) + (13 - 3)?
-36
What is (754 - 672) + -28 + (-3 - -5)?
56
229 + -195 + 2 + -50
-14
Calculate -4 + 0 - (47 + -4 + 73 + -51).
-69
What is the value of 116 + -165 + 38 - -79?
68
6 - (12 + 23) - -15 - -25 - -53
64
What is (-1 - -2) + (2 - 2) + (122 - 114)?
9
(-6 - (2 - (3 + 9))) + -43 + 271 + -274
-42
-12 + -4 + 9 - (55 + -58)
-4
What is the value of 27 + -68 + 67 + -12?
14
Evaluate 44 - (7 - (-13 + (-8 - -7) + 28)).
51
Calculate (-2301 - -2406) + -2 + -41.
62
22 + 15 - 98 - -40
-21
-23 + (70 - (79 - 38))
6
Calculate -112 + -4 + 189 - 150.
-77
What is the value of 26 + (-9 - (9 - 17) - -38)?
63
What is the value of -32 + 31 + (18 - (20 - 9)) + -79 + 6?
-67
What is 10 - 19 - (25 + -1 + -7 + 2)?
-28
0 - (1 + 6) - (-176 - -132)
37
-57 + 0 - ((27 - 4) + (-1 - 2))
-77
(-6 - 6) + (5 + 5 - 13 - -5) + -13
-23
Calculate 30 - 54 - (-1 - 8).
-15
Calculate 1 + -10 + -123 + -22 + 157.
3
What is (4 - 2) + -6 + (-87 - -45 - 3 - -44)?
-5
-4 - (9 + 1 + (-833 - -816)) - -35
38
(-3 - 31) + (-619 - -624) + (-17 - (-1 - 1))
-44
Evaluate (55 + 10 - 50) + 6 + 0 + 8.
29
Calculate -1303 + 1363 - (-4 - -55).
9
What is -88 - (0 + -2) - (-9069 - -9047)?
-64
What is the value of -14 + (80 - -2) + -148 + (0 - (-1 + 16))?
-95
What is the value of -8 + ((17 - -93) + -1 - (1 + -2)) + -12?
90
(3 - (29 - 15)) + -13 + 8 + -2
-18
What is the value of -6 + (-29 - -21) + 4 + 11 + 119?
120
Calculate 1612 + -1618 + (-2 - (-2 - 6) - (-4 - -6)).
-2
Evaluate -66 + 80 - (-2 + 2) - 37.
-23
What is the value of -46 + 72 + -65 + -2 + 19?
-22
Evaluate 5 - (-7 + (118 - ((3 - 6) + -3 - 2))).
-114
What is 115 - (-26 + 103 + 136)?
-98
Evaluate -24 + 172 + -97 + -44.
7
What is 4 + -4 + -49 - -4?
-45
Evaluate -63 - (-2 - 135) - (12 - (0 - -5)).
67
What is -15 + 4 + -11 + 24 - -36?
38
What is (-6 - (-36 - -25)) + -47?
-42
Evaluate (-1 - ((-1 - -1) + -13) - -8) + 6 + -8.
18
Calculate 6 - -2 - (0 + 2) - (-230 - -233).
3
-1 - (-26 + 15) - 27 - 28
-45
Calculate -3 + (-1 - (1 + 7 + (71 - 65))).
-18
Evaluate -3 + (5 - -28 - 32) - (16 - 3).
-15
What is 153 + (-208 - -88) + -50 + 1?
-16
-73 - (1 + -107 + -8)
41
What is the value of 0 + -32 + (-1269 - -1211)?
-90
What is the value of (-88 + 13 - 3) + (13 + 0 - (-64 + 65))?
-66
What is -30 - (-77 + 55 + -25)?
17
Calculate (65 + -50 + 30 - 26) + 41.
60
Calculate 2 + 40 + 73 + (-30 - 42).
43
What is -58 + 13 + 7 + -2 + -1 + -5?
-46
What is the value of (12 - (17 - -13)) + 15 + (4 - 8) + -18?
-25
What is -11 - ((6 - 13 - 4) + -46 + 46)?
0
Evaluate (-24 - (-21 + 6 + 0)) + (-1 - -3).
-7
Evaluate -13 - (-37 - -3 - (156 - 181)).
-4
(29 - 35 - -4) + -29 - (-5 + -1)
-25
What is the value of -831 + 834 + (-5 + 0 - -2) + (-4 - 10)?
-14
What is (-84 + 84 - -75) + -152?
-77
What is the value of 2 + -10 + (-25 + 69 - 66) - (-8 + -2)?
-20
94 - ((49 - -101 - 146) + -2 + -7 + -1)
100
What is the value of -1 + -2 + (-13 - -24) + 15 - (78 + -86)?
31
Calculate -4 + -2 - (-8 + 13) - (-21 + 19).
-9
What is 43 + -4 - 43 - (36 - -8)?
-48
(-10 - 30 - -67) + -1 + 5
31
What is 11 - (1 - -4 - (-2 + -6 + 4 - -29))?
31
(-27 - -23) + 13 + -7 + (-37 - -2)
-33
Evaluate (19 - 54) + 75 + -70 - -121.
91
88 - (-5 - (52 + -22 + -30))
93
What is the value of -4 + 71 + -245 + 219?
41
154 - 0 - (9064 + -8996)
86
What is the value of -1 + (7 - -3) + (38 + -32 + 27 - 6)?
36
What is -11 - (23 + (-79 - -25)) - 12?
8
What is the value of -32 + (2 - (3 + -4 + 5)) + 969 + -980?
-45
Evaluate (2 - 12) + 23 + 3 + -9 + -10.
-3
What is the value of -12 - (0 - 8 - (-31 - (-32 + -26)))?
23
What is (-2 + 1 - -2 - -97) + (1509 - 1523)?
84
(-86 - -107) + (2 + 1 - 50 - 2)
-28
What is (30 - 30) + (-8 - ((-3 - -9) + -15)) + -7?
-6
What is the value of 17 - ((158 - 78) + -2)?
-61
Evaluate 5798 + -5714 - (95 + -1).
-10
(25 - 7) + -8 + 7 - 54
-37
Evaluate (123 - 201) + -47 + 110.
-15
What is the value of -4 - (-48 - -49 - 24)?
19
979 - 928 - (9 - (4 - (-3 - (4 + -7))))
46
What is the value of 8 + -61 + 7 - (-24 - -7)?
-29
What is the value of 4 + -21 + 42 + -34 - 24?
-33
18 - (-4 - (23 + -47) - -34)
-36
What is the value of -50 + -9 + (19 - 17) + 1 + 10?
-46
Evaluate (-1 + 10 - ((12 - -1) + 39 + -97)) + -7.
47
What is the value of 23 - (10 + -1 + -5) - (451 + -410)?
-22
What is the value of -31 + 3 + -2 - ((26 - -4) + -22)?
-38
What is -374 - -531 - (28 + -29 - (5 + -2) - -10)?
151
Evaluate (-12 - -3) + (-286 - -304 - (2 + -37)).
44
Evaluate -12 + (64 + (-15 - (-7 - 3)) - 12).
35
Calculate (25 - (-25 + 2)) + -3 - (0 + 0 - -7).
38
What is (32 - 121) + 0 + -5 - (-28 + 13)?
-79
Calculate (-290 + 136 - -7) + 119.
-28
Evaluate (-30 - (-43 + -30)) 